is the tens digit of q?
1
Let w = 16 + 8. What is the units digit of w?
4
Let x = 2 - -4. Let f(n) = n**2 - 6*n + 4. What is the units digit of f(x)?
4
Let z(r) = r**3 + 9*r**2 - 6. What is the units digit of z(-6)?
2
Suppose 4*u - 94 = -2*x, -x - u = -3*x + 79. What is the tens digit of x?
4
Let n be ((-2)/(-4))/(2/(-12)). Let d be -4*(n/2)/3. Suppose 0 = -3*y - d*y + 15. What is the units digit of y?
3
Suppose -s + 1 + 63 = v, 5*s + 64 = v. What is the units digit of v?
4
Suppose 0 = -3*n - 2*q - q + 12, -3*q = 0. Let j(z) = -3*z**2 + 2*z**2 + 6 - 3*z - n. What is the units digit of j(-2)?
4
Suppose -b = -34 + 5. What is the tens digit of b?
2
Suppose f = 4*f. Suppose m - 2 = -f. What is the units digit of m?
2
Let u(q) = -2*q - 1. Let n = 4 + -6. Let x be u(n). Suppose 4*y = 1 + x. What is the units digit of y?
1
Suppose 17 = f - 4*k + 2, -5*f = 2*k + 35. Let c be (0 - f/2)*2. Suppose 2*r - 28 = -2*a, -r - 70 = -c*a + 6. What is the tens digit of a?
1
Let q(u) = 21*u**2. What is the units digit of q(1)?
1
What is the units digit of -5 + (3 - -6) + (-1 - -5)?
8
Let z = -16 - -29. Let p = -22 + 22. Let a = p + z. What is the units digit of a?
3
Let k(o) = -o**3 - o**2 + 4. Let f be k(0). What is the tens digit of 2/8 - (-143)/f?
3
Suppose -v + 3*r + 15 = 0, -5*r = 2*v - 2 - 6. Suppose -2*c + 63 + v = 0. What is the tens digit of c?
3
Let r be 3*3/(18/8). Suppose 2*s + 5*x = r, -2*x = 4*s - 6*s + 4. What is the units digit of s?
2
Let n(p) be the first derivative of p**4/4 - p**3/3 + 3*p**2/2 - 3*p + 1. What is the units digit of n(2)?
7
Let o be 14/6 + 3/(-9). Suppose q - 84 = -o*q. What is the units digit of q?
8
Let i(c) = -c**3 - 6*c**2 - 5*c. Let j be i(-5). Let n be (j + 1)/(-1)*-7. Suppose -3*s = -n - 26. What is the units digit of s?
1
Let c = -97 - -248. What is the hundreds digit of c?
1
Let m(d) = -d**3 + 11*d**2 - d + 16. Suppose -2*z - 14 = -58. Suppose f - z = -f. What is the units digit of m(f)?
5
Let w(x) = -19*x + 1. Let v be w(-5). What is the units digit of v/3*(-1)/(-2)?
6
Let d = -75 + 109. Let x = d - -8. What is the tens digit of x?
4
Suppose -3 = -4*s + 2*v - 9, 5*s = 2*v - 6. Suppose s = 2*b, -3*b = 3*n - b - 120. Suppose -4*k = -4*h - n, 2*k - 4*h - 27 = -11. What is the units digit of k?
2
Let w(z) = -2*z**2 + 4*z + 5. Let g be w(4). Let i be (-4)/((-2)/2)*-1. Let r = i - g. What is the units digit of r?
7
Suppose -n - n = -3*i - 73, i = n - 26. Let h = i - -33. What is the tens digit of h?
1
Suppose 2*a - 35 = l, -2*a - 5*l + 7 - 2 = 0. Suppose 3*m - 45 = -3*x, -4*x = x - a. What is the tens digit of m?
1
Suppose 1 = s - 4. Suppose -2*w + 10 = -4*d, s*d + 20 = w - 0*w. Let v = d + 8. What is the units digit of v?
3
Let s(j) = j + 48 + 0*j - 47. Let n = -8 + 13. What is the units digit of s(n)?
6
Suppose 2*c = 5*c. Suppose c = -4*x - 20 - 0, -5 = 5*q + 4*x. Suppose r - q*d + 11 = 0, 0 = 5*r + 2*d - 11 - 19. What is the units digit of r?
4
Let i be 11 - 5/(10/6). Let v = 8 - i. Suppose 0 = -3*u + 3, v = r + 3*u + 2*u - 14. What is the units digit of r?
9
Let j(v) = v**2 - v + 52. Let l be j(0). Suppose -2*s - 2*s + l = 0. What is the tens digit of s?
1
Let a(s) = s + 5. Let q be a(-6). Let p = 1 - q. What is the units digit of p?
2
Let w = -5 + 8. Suppose 101 = 4*x - 5*m, 2*m + 23 = x + 3*m. Suppose 7 = 2*v - 5*l - 22, -l - x = -w*v. What is the units digit of v?
7
Suppose 0 = u - 3 + 1. Suppose 28 = -u*h + 6*h. What is the units digit of h?
7
Let a = -3 + 10. Suppose -3*x + a*x = 8. Suppose 3*h + x*h - 10 = 0. What is the units digit of h?
2
Let s(q) = -q + 2. Let x be s(2). Let h = 10 - x. What is the tens digit of h?
1
Suppose -2*a = -14 - 106. Suppose -3*h + a = 5*l, -3*h - 48 = -4*l - 8*h. What is the tens digit of l?
1
Suppose 0 = 3*g - 5*o + 3 - 5, 5*g = -2*o + 24. Suppose -1 = -5*x + g*x. What is the units digit of x?
1
Suppose -23 = f + k + 2, -f - 2*k - 26 = 0. What is the units digit of f/14*(-21)/6?
6
Let t(n) = n**2 - 4*n + 3. Let v be t(3). Suppose v = -c + 5 - 1. What is the units digit of c?
4
Suppose -4*c + 43 = -289. Let y = c - 54. What is the units digit of y?
9
Suppose -5*r = -r. Suppose 3*a - 2*x - 10 = r, 8*x + 4 = -3*a + 3*x. What is the units digit of a?
2
Let k = 7 + 1. Let u = 0 - k. Let d = -4 - u. What is the units digit of d?
4
Let l = -6 - -9. Suppose 2 + 4 = -l*g. What is the units digit of 3/g*(-4)/6?
1
Let z = 977 - 694. What is the units digit of z?
3
Let r = -3 - -6. Suppose 0*n + n = 14. Suppose -f + 2*q = -5, 1 + n = r*f - q. What is the units digit of f?
5
Let r(o) = o**2 - o. Let i be r(0). Suppose 3*q + q - g - 71 = i, 0 = 5*q - 3*g - 94. What is the units digit of q?
7
Let m(h) = 4*h + 1. Let d = -9 + 11. What is the units digit of m(d)?
9
Suppose -5*g + 42 = -53. Let n = g + -2. What is the tens digit of n?
1
Let l(r) = 8*r - 1 - 4*r - 2 - 2*r**2 + r**3. Let d be l(2). Suppose z - 34 = -d*c - 0*z, 19 = 3*c + 2*z. What is the units digit of c?
7
Let j = 9 - 14. Let u = j + 5. Suppose 20 = 2*a - u*a. What is the tens digit of a?
1
Let k(b) = 9*b + 1. Let d be k(3). Suppose l = -3*m + d, 4*l - 3*m - 6 - 31 = 0. What is the units digit of l?
3
Suppose c = -o + 2*o - 35, -3*c = o - 55. Suppose 0 = -3*m + 2*w + 38, -4*m + 5*w + 6 = -o. What is the tens digit of m?
1
Let u be 1*-3 - (1 + -1). Let g(h) = 7*h**3 - h**2 + 5*h - 9. Let o(p) = 3*p**3 - p**2 + 2*p - 4. Let n(q) = 4*g(q) - 9*o(q). What is the units digit of n(u)?
2
Suppose 20 = -2*z + 84. What is the units digit of z?
2
Suppose -4*b + 8 = k - 3*b, 28 = 2*k - b. What is the tens digit of -3 + (k + 1)*1?
1
Suppose 0 = 4*d - t - t - 978, 0 = 3*d + 5*t - 727. What is the hundreds digit of d?
2
Let b(p) = -7*p**3 + 7*p**2 - p + 4. Let w(y) = 8*y**3 - 8*y**2 + y - 5. Let i(x) = -6*b(x) - 5*w(x). What is the units digit of i(2)?
1
Let z(d) = -97*d + 8. What is the tens digit of z(-3)?
9
Let n(y) = -y + 4. Let w(s) = -4*s - 2. Let h be w(2). Let o be n(h). Let a = o - 7. What is the units digit of a?
7
Let r = 23 - 28. Let y(s) = -s**2 - 10*s + 3. What is the tens digit of y(r)?
2
What is the tens digit of (22 + 1 + -1)*4?
8
Let x = -22 - -34. What is the tens digit of x?
1
Suppose 0 = -r - 5*f + 52, 142 = 6*r - 2*r - 2*f. What is the units digit of r?
7
Let o(m) = m**3 + m + 11. Let r be (-3)/9 - 8/(-6). Let t be (r - 1)/2*1. What is the tens digit of o(t)?
1
Suppose -322 = -4*i + 122. What is the units digit of i?
1
Let m = 9 + -4. Suppose 0 = -m*n + 77 + 3. Suppose n = 4*s + 3*j - 21, -j - 31 = -3*s. What is the units digit of s?
0
Let x be -2 + (3 - 4 - -5). Suppose -x*h + 5*h = 4*m + 79, -m + 80 = 4*h. What is the units digit of h?
1
Suppose -5*a + 4*s - 23 = 0, -4*s - 26 = 5*a + 21. Let v(j) = -2*j - 7. What is the units digit of v(a)?
7
Let r = -3 + 7. Suppose -4*c + r + 4 = 0. Suppose 0 = 2*l + c*u - 8, 0*l + 6 = l + 2*u. What is the units digit of l?
2
Let n = 35 - -60. What is the units digit of n?
5
What is the units digit of 13/1*2*1?
6
Let a(s) = s**2 - 10*s + 3. What is the tens digit of a(13)?
4
Let t = 11 - 1. What is the units digit of t?
0
Let n = 70 - -32. Suppose -o = 3*m - n + 7, 2*o - 40 = -m. What is the tens digit of m?
3
Let v = 4 + -2. Let f(t) = -3*t - 3. Let l be f(-4). Suppose 5*o = v*k + 3, 4*o + l = 4*k + 9*o. What is the units digit of k?
1
Let s(j) = -5*j**3 - 7*j**2 + 5*j + 9. Let g(u) = -u**3 + u + 1. Let m(y) = 4*g(y) - s(y). Let t be 4/6 + (-23)/3. What is the units digit of m(t)?
2
Let k be 6/(-10)*(0 - 15). Let v = -5 + k. Suppose v*z + 12 - 56 = 4*s, -3*s = -4*z + 43. What is the tens digit of z?
1
Let s(i) = -i**2 + 7*i - 5. Let d be s(5). Let m(y) = 4*y - 5. What is the units digit of m(d)?
5
What is the tens digit of (-8 - -8) + 3*17?
5
What is the units digit of 9*(2 - 78/(-9))?
6
Let b be (12/8)/((-6)/16). Let h be (6/b)/(12/(-64)). Suppose -3*d = d - h. What is the units digit of d?
2
Let v(b) = -8*b + 3. Suppose 0 = -t - 6 + 3. What is the tens digit of v(t)?
2
Let x(a) = -12*a + 13. Let g be x(6). Let r = -32 - g. What is the units digit of r?
7
Let v(i) = -4*i**3 + i**2 + 3*i + 2. What is the tens digit of v(-2)?
3
Let k(b) = 30*b + 2. What is the tens digit of k(3)?
9
Let m(a) = 4*a**3 - 4 + 5*a + 0*a**3 - 3*a**3 - 5*a**2. Let i be m(4). Suppose i = p - 3*p + 4. What is the un